se 11 = 5*p - o. Suppose -3*z = -r - p*r - 29, 57 = 3*z + 3*r. What is the highest common factor of 15 and z?
15
Suppose 4*f = g + 2*f - 146, -3*g - 2*f = -454. What is the highest common factor of 375 and g?
75
Let o(r) = r**2 - 16*r - 18. Let u be o(18). Suppose 0 = h - 4*l + 2, 2*h - l - 4*l + 1 = 0. What is the highest common divisor of h and u?
2
Let q be -30*(4816/(-192) + 2/(-8)). What is the highest common factor of 38 and q?
38
Suppose 45 = 3*h + 21. What is the greatest common divisor of 488 and h?
8
Let i be 3/(-1) + 4 + 2. Suppose -3*k + 7*k - 2*m - 166 = 0, 5*k - 205 = i*m. Let p = k + -31. What is the greatest common divisor of p and 117?
13
Suppose 0 = 3*o - n - 520 + 201, -2*o + 211 = -n. What is the highest common divisor of o and 36?
36
Let v = 57 - 54. Suppose -9*o = v*o - 240. Calculate the greatest common divisor of 4 and o.
4
Suppose 27*a = 3907 + 2789. Calculate the highest common factor of 16 and a.
8
Let d = 34 - 95. Let r = 89 + d. Calculate the highest common divisor of 252 and r.
28
Let f(k) = -5*k - 31. Let g be f(-10). Suppose 17*s - g*s + 20 = 0. Let h(i) = i**2 - i + 10. Let d be h(0). Calculate the highest common divisor of d and s.
10
Let f be (-1 + (-6)/(-42))*-539. What is the greatest common factor of 42 and f?
42
Let t be ((-42)/8)/(3 - 343/112). Suppose k + 2*k = t. Calculate the greatest common factor of 28 and k.
28
Let y(b) = 95*b**2 + b - 1. Let w be y(1). Let g = 123 - w. Calculate the greatest common factor of g and 8.
4
Let w be 1 + (6950/35 - (-12)/(-21)). Suppose 5*t = 5*p + 275, -2*t + 6*t + 3*p - w = 0. What is the greatest common divisor of t and 13?
13
Suppose -34 = -4*y + 46. Suppose -y - 28 = 2*z. Let g = z - -87. What is the greatest common factor of 9 and g?
9
Suppose 0 = b + a - 98, -3*b + 4*a = -2*b - 98. Let r be (-333)/(-7) + (-2)/(b/(-21)). What is the highest common factor of 480 and r?
48
Let p = -61 + 85. Suppose 0 = -u + p - 18. Calculate the highest common factor of u and 8.
2
Let z be (-2 + -2)/(16/(-68)). Calculate the highest common divisor of z and 68.
17
Suppose 5*j = -s + 20, -2*s + 4*j - 2 + 0 = 0. Suppose 14*c = s*c + 171. Calculate the highest common factor of 19 and c.
19
Let r be (33/(-6))/(2/(-4)). Let b(g) = g**2 - 11*g + 52. Let l be b(r). What is the greatest common divisor of 208 and l?
52
Let g = 5 + 0. Suppose -k + 41 = f, g*f + 192 = 4*k + 37. Calculate the greatest common factor of k and 5.
5
Let k(j) = j**3 + 14*j**2 + 34*j + 22. Let l be k(-11). Calculate the greatest common factor of l and 99.
11
Let g(x) = 7*x**2 - 2*x + 1. Let d be g(1). Suppose -7*l + 4*l + 4*i + 306 = 0, 0 = -l - 5*i + 102. Calculate the highest common divisor of d and l.
6
Let p(z) = 26*z**3 + 4*z - 4. Let q be p(1). Calculate the highest common divisor of q and 1924.
26
Let w = -38 - -35. Let y(g) = g**3 + 4*g**2 - g + 7. Let m be y(w). What is the highest common factor of m and 171?
19
Let t = 73 - 110. Suppose -7*v = 216 - 34. Let a = v - t. Calculate the highest common divisor of a and 11.
11
Let y(g) = -66*g**2 + 811*g - 12. Let z be y(12). Let d(a) = -9*a - 3. Let n be d(-3). What is the highest common divisor of z and n?
24
Let o be ((-4)/(-6))/((-4)/(-18)). Suppose 51 = o*z - 27. Suppose 2 = -x + 15. What is the greatest common divisor of z and x?
13
Suppose 5*h - 206 = p, 6*p = -3*h + p + 146. Calculate the highest common divisor of 147 and h.
21
Let b = 257 - 210. What is the highest common divisor of 1 and b?
1
Suppose 0 = -79*l + 1763 + 1555. Calculate the highest common divisor of 119 and l.
7
Suppose 6*v - 91 = -295. Let c = 6 - v. Calculate the greatest common divisor of 16 and c.
8
Let u(o) = -5*o - 27. Let g be u(-15). Suppose -l + 5*l = g. Calculate the greatest common factor of l and 6.
6
Let o(l) = 56*l**3 + l**2 - l + 1. Let s be o(1). Let t be (-2316)/(-193) - (-9*1 + 2). Calculate the greatest common divisor of t and s.
19
Suppose 4*l - 44 = 3*l - n, 4*l - n = 176. Let j = l + -38. What is the greatest common divisor of j and 60?
6
Suppose 5*w + 3*o = 692, 11*o - 536 = -4*w + 13*o. What is the greatest common factor of 17 and w?
17
Suppose -13*a + 17*a - 68 = 0. Calculate the highest common factor of a and 1241.
17
Let h be 18 - 15 - (-2 - -3)*-1. What is the greatest common divisor of h and 16?
4
Let g = -440 - -1288. Calculate the highest common factor of 16 and g.
16
Let m be (20/(-15))/(2/6). Let b = -178 - -370. Let z be (27/m)/((-9)/b). Calculate the highest common factor of z and 18.
18
Suppose -5*x = -2*c + 783, -c = -3*x + 131 - 524. Suppose -16*u + c = -12*u. Let i be -1 - -13*1 - 0. What is the greatest common factor of i and u?
12
Let i be ((-45)/2)/((-6)/(-4) + -2). Let l = i + -42. What is the greatest common factor of l and 2?
1
Let n = -104 + 111. Suppose -n*g - 17 + 80 = 0. What is the greatest common divisor of g and 63?
9
Suppose 6*l = -3*l + 54. Calculate the greatest common divisor of 240 and l.
6
Suppose -5*b + 247 = -3*n + 4*n, 0 = 4*b + 3*n - 202. Let s(u) = b*u - 12*u - 2 + 17*u. Let l be s(3). Calculate the highest common divisor of 20 and l.
20
Suppose 5*o = 7*o + 8. Let k be 6*(o/(-12) - -2). What is the greatest common factor of k and 14?
14
Suppose 5*t = 4*j - 26, -4*t + 2 = 10. What is the highest common factor of 2 and j?
2
Let d be ((-17)/(-2) + (4 - 5))*2. What is the greatest common factor of 345 and d?
15
Let g = -49 - -9. Let l be (290/g)/((-2)/(-8)). Let i = l + 30. Calculate the highest common divisor of i and 4.
1
Let i = 30 + -22. Let k be 3*i*(-3)/(-6). What is the greatest common factor of k and 4?
4
Let n be ((-7936)/(-744))/((-1)/(-3)). Let r(h) = -h**3 + 6*h**2 + h - 4. Let s be r(4). Calculate the greatest common divisor of n and s.
32
Let i = 49 + -37. What is the highest common divisor of 1164 and i?
12
Let j be 194 + (4 + -1 - 4). Let b = j + -103. Calculate the greatest common factor of 18 and b.
18
Let z be ((-3)/2 - 0)*(-60)/90. Let l be z/(-1) - 1 - (-8 + -1). What is the greatest common divisor of 35 and l?
7
Let g = 807 + -535. Let k be (-27)/2*g/(-24). What is the greatest common factor of 17 and k?
17
Let b = -25 + 42. Let k(h) = h**3 - 16*h**2 - 15*h - 18. Let s be k(b). What is the highest common divisor of s and 2?
2
Suppose 3*i - 4*w + 4 = -6, 4*i - 2*w = -30. Let v = i - -10. Let u be 0 - 88/(v + -1). Calculate the greatest common divisor of 11 and u.
11
Suppose 0 = 8*n + n - 108. Let u(j) = j**2 + 3*j + 2. Let s be u(-3). Let k be s/(-8) - 1155/(-12). What is the greatest common factor of k and n?
12
Suppose -14 = -d + 11. Suppose 0 = -5*k + d, 5*r + k + k - 360 = 0. Calculate the greatest common divisor of r and 28.
14
Suppose -67 = -20*o + 3153. What is the highest common divisor of o and 7?
7
Let p be 20/5 + (9 - 3). What is the highest common factor of 35 and p?
5
Let i = 382 + -127. Suppose 5*d - i = 570. What is the highest common divisor of d and 15?
15
Let b = -64 - -94. Suppose -8*o = -7*o - b. Let l be 324/o*(-10)/(-4). What is the greatest common divisor of l and 9?
9
Let o be 52/39*(-45)/2. Let s be (16/4 - o)*2. Suppose 3*w - b = 3*b + 88, 3*w = -b + s. Calculate the greatest common divisor of 12 and w.
12
Let j be 4/(-14) - 8068/(-14). What is the highest common divisor of j and 18?
18
Suppose 0 = -10*c - 133 + 53. Let a(i) = 5*i**2 + 6*i - 6. Let p be a(c). Calculate the greatest common factor of 38 and p.
38
Suppose -1409 = -3*r - 2*d, -3*d - 2*d + 5 = 0. Let y = r + -262. Calculate the greatest common divisor of 23 and y.
23
Let m(z) = -39*z - 5 + 2 + 3 - 3. Let b be m(-2). Calculate the greatest common divisor of 25 and b.
25
Let s = 2110 - 2072. What is the greatest common factor of s and 247?
19
Let t(s) = -s**3 - 6*s**2 + 3*s - 6. Let d be t(-6). Let i = d + 34. What is the highest common divisor of i and 5?
5
Let z be 3 + 0 + 34 + -1. Calculate the greatest common factor of z and 36.
36
Let m = -826 - -920. Calculate the greatest common divisor of 2914 and m.
94
Let z(s) = 32*s**2 + s - 1. Let m = 9 + -11. Let v be z(m). Suppose 2*c - u = 95, 8*c = 4*c + 4*u + 180. What is the greatest common factor of v and c?
25
Suppose 0 = -3*u - 5*f + 230, 3*u - 74 = 2*u + f. What is the highest common factor of u and 135?
15
Let t be 66/15 + 68/(-20) + 3. Let d = -6 + 1. Let b = t - d